 -22112 - -1142430?
1120314
In base 14, what is -24854 + b6?
-2477c
In base 14, what is -2 - 82970d5?
-82970d7
In base 7, what is -3 + 263253014?
263253011
In base 14, what is 3 - 7508adb?
-7508ad8
In base 16, what is -dcd8d + 1?
-dcd8c
In base 6, what is -2031110 - 513?
-2032023
In base 13, what is -99a68 - -a9?
-9998c
In base 7, what is 152016 - 1124?
150562
In base 9, what is 233050 - 21?
233028
In base 4, what is -2012 - -102321103222?
102321101210
In base 14, what is -d7 + -8c03?
-8cda
In base 4, what is -1 + -1121333313300?
-1121333313301
In base 2, what is 1 - 1100011010101011110011?
-1100011010101011110010
In base 3, what is -12 - -1022122201001210?
1022122201001121
In base 14, what is 11 - -38ad2bd?
38ad2d0
In base 14, what is 4840b9 + 18?
4840d3
In base 4, what is 310030021 - -222?
310030303
In base 2, what is 11000100111100 - -111010010101110?
1010010111101010
In base 10, what is 0 - -232669140?
232669140
In base 14, what is -2c577 + -178?
-2c711
In base 8, what is 5 + -136103604?
-136103577
In base 6, what is -520405521 + -1?
-520405522
In base 11, what is -60 + 7a6101?
7a6051
In base 13, what is -c2950b - 5?
-c29513
In base 9, what is -1556045 - 2?
-1556047
In base 2, what is -111101111101 + 1001011000?
-110100100101
In base 16, what is -2 + d11375?
d11373
In base 10, what is 15169523 + -6?
15169517
In base 16, what is 5 - 4138ce?
-4138c9
In base 6, what is 5 - -242233514?
242233523
In base 12, what is 4 - -3777366a?
37773672
In base 14, what is 4 + -344281?
-34427b
In base 3, what is -110221212202211122 + 10?
-110221212202211112
In base 3, what is -2021110220 + 100?
-2021110120
In base 8, what is -3612276 - -11?
-3612265
In base 16, what is -5 + -d898b?
-d8990
In base 12, what is 4b5 - -11813?
12108
In base 15, what is d02e22 - 2?
d02e20
In base 4, what is -3030 - -10223302?
10220212
In base 4, what is -231033 + 1000?
-230033
In base 8, what is 13116464 + 4?
13116470
In base 10, what is 24 - 543811?
-543787
In base 11, what is 55 + 315688?
315732
In base 4, what is 223310330 + 301?
223311231
In base 8, what is 30720057 - 6?
30720051
In base 7, what is 125462551 - 0?
125462551
In base 8, what is -3 + -60000566?
-60000571
In base 7, what is 4516362061 - -5?
4516362066
In base 5, what is 2 - -131243013201?
131243013203
In base 14, what is -5 + 521373?
52136c
In base 14, what is -5 + -269347d?
-2693484
In base 15, what is 19b3e - -8d?
19bcc
In base 3, what is -121 + -121102211122100?
-121102211122221
In base 15, what is 2 - -2534c5?
2534c7
In base 9, what is 30767 + -40550?
-8672
In base 7, what is 3204 - -222014?
225221
In base 5, what is -11030031343 + -10?
-11030031403
In base 9, what is -23 - -1324608?
1324575
In base 9, what is 4 + -14723335?
-14723331
In base 5, what is 12210230420 + -3?
12210230412
In base 2, what is -10 + 10110010110010010001010000?
10110010110010010001001110
In base 14, what is 152c - 13c71?
-12743
In base 3, what is -221112 + 120112112?
112121000
In base 12, what is -738 + 208aa?
20172
In base 7, what is 3112141 - 21?
3112120
In base 2, what is 101101000111011 + -11101?
101101000011110
In base 12, what is -1ba8535 + -4?
-1ba8539
In base 16, what is 1d10e76 + -4?
1d10e72
In base 3, what is 10011212 + -2110001?
201211
In base 9, what is 5256575 - -430?
5257115
In base 6, what is 453352422 + 10?
453352432
In base 10, what is 152 - -230221?
230373
In base 16, what is -aa - -9a1c?
9972
In base 6, what is -532141153 + 4?
-532141145
In base 13, what is 16a278 - 1c?
16a259
In base 12, what is 19b038 + b?
19b047
In base 16, what is -9e7e7 + -3?
-9e7ea
In base 11, what is -2aa + 2a92?
2793
In base 16, what is 66 - 10b5e4?
-10b57e
In base 5, what is 10402011302 - -2?
10402011304
In base 12, what is -2b4113 - 15?
-2b4128
In base 12, what is -388 + -bab?
-1377
In base 7, what is -44463144 + -3?
-44463150
In base 2, what is 1110 + -100101011110001001011101?
-100101011110001001001111
In base 10, what is 9 - -45231?
45240
In base 16, what is 496 + -445?
51
In base 8, what is -15 + -2765124?
-2765141
In base 9, what is 47360 - 412?
46847
In base 11, what is 3 + -2277a21?
-2277a19
In base 14, what is -439 + -c99a7?
-ca002
In base 11, what is 43aa7 - -17aa?
457a6
In base 11, what is -737 + 81?
-666
In base 10, what is 6588463 - 20?
6588443
In base 6, what is -132 - 55243?
-55415
In base 16, what is -16 + 20515f5?
20515df
In base 10, what is 4 + 27371618?
27371622
In base 11, what is -73 - 41a28?
-41aa0
In base 8, what is -1506052475 - -5?
-1506052470
In base 7, what is -1045553206 - -4?
-1045553202
In base 10, what is 35347 - -134?
35481
In base 10, what is -9707715 + 8?
-9707707
In base 3, what is -1020002100 - 2111?
-1020011211
In base 13, what is -3 + -4357c58?
-4357c5b
In base 13, what is -b64 - -16838?
159a4
In base 13, what is 1808 + 13361?
14b69
In base 10, what is 2561871 + 28?
2561899
In base 15, what is 1077 - -1b4a?
2bc2
In base 14, what is 152c0 + 707c?
1c35c
In base 12, what is 5 + -202b5511?
-202b5508
In base 11, what is -25266 - 108?
-25373
In base 7, what is -6 - -325306143?
325306134
In base 3, what is 11101111122 + 1201220?
11110020112
In base 3, what is 1001000211012011 - 10?
1001000211012001
In base 4, what is -3013 - -30102?
21023
In base 8, what is -1105720733 + -1?
-1105720734
In base 7, what is -532063644 - 0?
-532063644
In base 15, what is 6 - -31ea167?
31ea16d
In base 12, what is -1a - 653a7b?
-653a99
In base 13, what is 1 - -144b311?
144b312
In base 3, what is -1202020101 + -11010102?
-1220100210
In base 12, what is -9a - b2b52?
-b3030
In base 3, what is 220 - 210021100101?
-210021022111
In base 13, what is -56263 + 178?
-560b8
In base 6, what is -13542 - 10453?
-24435
In base 11, what is 49aa - 409?
45a1
In base 3, what is 2000 - 10120021100?
-10120012100
In base 15, what is 1974 + 96d6?
b15a
In base 7, what is 24534 + -1603?
22631
In base 7, what is 254653114 - -22?
254653136
In base 11, what is -a2 + 186a37?
186945
In base 11, what is -123972 - -83?
-12389a
In base 9, what is 3 - 76284368?
-76284365
In base 5, what is -41 - -213313313?
213313222
In base 8, what is 127 + -172514?
-172365
In base 14, what is cdd21 - 18?
cdd07
In base 16, what is -e22 - -2584d?
24a2b
In base 8, what is 1 + 6230146?
6230147
In base 9, what is -812 + -15228?
-16141
In base 11, what is -120a082 - 0?
-120a082
In base 10, what is 3754 - -3355?
7109
In base 8, what is 4536303 - 3?
4536300
In base 13, what is -3 + 174aba?
174ab7
In base 9, what is -7065 + 5081?
-1874
In base 12, what is 6683 - -3b642?
46105
In base 13, what is 3608765 - 12?
3608753
In base 16, what is -2 + -1c38e0?
-1c38e2
In base 6, what is 211114 - -1143?
212301
In base 12, what is 64 - -574992?
574a36
In base 8, what is 34574 - -21676?
56472
In base 4, what is 1232300200133 - -10?
1232300200203
In base 8, what is 106 - -12035722?
12036030
In base 8, what is -1 - 47013622?
-47013623
In base 4, what is -13331101011 - 1221?
-13331102232
In base 12, what is 8287650 + 0?
8287650
In base 6, what is -151205010 - -132?
-151204434
In base 2, what is -11001111011001010110000010 + 0?
-11001111011001010110000010
In base 4, what is -200130 - 112333100?
-113133230
In base 16, what is -1 + -3687499?
-368749a
In base 9, what is 834 - -156786?
157731
In base 3, what is -10 - 1122222111221201?
-1122222111221211
In base 7, what is 51136 + -15116?
33020
In base 7, what is 536511235 - 21?
536511214
In base 7, what is -44 - 1540363?
-1540440
In base 3, what is -10002 - -20002202202?
20002122200
In base 16, what is -3 - -2039a9?
2039a6
In base 4, what is 1013020 - 31102232?
-30023212
In base 2, what is 101000100101101 - 1001011010110?
11111001010111
In base 9, what is 6 - -10285348?
10285355
In base 9, what is 3314 - 3731?
-416
In base 3, what is 1020202000001020 - 12?
1020202000001001
In base 5, what is -11 - -1410022401?
1410022340
In base 3, what is 22 - -21212011100?
21212011122
In base 6, what is 2203002 + 34405?
2241411
In base 11, what is 3 + 1742543?
1742546
In base 11, what is -803 - 13654?
-14357
In base 6, what is -4310431 - 12?
-4310443
In base 12, what is -45 - -176b307?
176b282
In base 8, what is -7650 - 315327?
-325177
In base 15, what is 143 + -d19?
-bc6
In base 9, what is -2 - -883050?
883047
In base 12, what is 3a51 + a367?
121b8
In base 15, what is 3a2